c - 30*c + 2*w. What is the tens digit of c?
6
Let i = 1511 - -1370. What is the units digit of i?
1
Let g(v) = 10*v**2 - 6*v + 9. Let z be -6 + 1 + 0*3/(-9). Let x be g(z). Suppose -3*c + x = -281. What is the hundreds digit of c?
1
Suppose -21 = -4*g - 3*t, 2*g + 3*g - 3*t = 33. Let x(a) = a**2 - 7*a + 8. Let c be x(g). What is the hundreds digit of 183 + 1 - ((-4)/2 - c)?
1
What is the tens digit of (-3)/((10 + 1495206/(-149520))*45/6)?
6
Let b(h) = -150*h + 17. Let i(s) = -s**2 + 7*s - 12. Let d be i(5). What is the hundreds digit of b(d)?
3
Let c be 4 - (108/26 - -2*13/(-169)). Suppose 3*h - 2*h = 445. Suppose 3*o + q - h = c, 591 = 4*o + 2*q - 3*q. What is the units digit of o?
8
Let z be -9*((-65)/15 + 4). Suppose 204 = z*h - 1116. What is the tens digit of h?
4
Let k = -63 + 64. Let z be 12/4 - (k - -3). What is the tens digit of z/2 + 0 + (-322)/(-4)?
8
Let y be 147/(-6)*(-19)/((-95)/(-300)). Suppose -6*o + 4*o = 5*j - y, 0 = 4*j. What is the tens digit of o?
3
Suppose 0 = -5*z - 3*w + 6 + 30, -4*z - 3*w + 27 = 0. Let k(o) = 114*o - 182. What is the tens digit of k(z)?
4
Suppose -2*k + 18482 + 7988 = -2*s, 2*k + 5*s - 26477 = 0. What is the units digit of k?
6
Let d(i) = -16*i - 4. Let a = 55 + -49. Suppose 0 = -a*c - 15 - 21. What is the tens digit of d(c)?
9
Suppose d - 19275 = -5*o, 15*d - 15426 = -4*o + 13*d. Suppose l + 4*l + o = 3*u, 2*u = -5*l + 2586. What is the hundreds digit of u?
2
Suppose 8*s - 9*s - 7 = d, -5*s = -2*d + 84. Let w(q) = 5*q - 6. Let x(c) = -1. Let f(v) = -2*w(v) + 14*x(v). What is the tens digit of f(s)?
3
Let p = -2302 - -4239. What is the tens digit of p?
3
Let a = -2324 - -12397. What is the hundreds digit of a?
0
Let z = 996 - -259. Let m = -745 + z. What is the tens digit of m?
1
Let a be (-3*11/3)/1. Let n = -3 + a. What is the units digit of (30/1)/(n + 16)?
5
Suppose 0 = -4*o - 9509 + 28553. Suppose o = 2*p + 1107. What is the units digit of (p/(-42))/((-3)/4)?
8
Let o = 166 - 163. Suppose o*u = -4*d + 1643, -6*u = -4*u - 3*d - 1118. What is the units digit of u?
3
Let c = 2862 - -12024. What is the tens digit of c?
8
Let p(c) be the third derivative of c**5/60 + 7*c**4/12 + 19*c**3/6 + 16*c**2. Let o be p(-16). Let z = -38 + o. What is the tens digit of z?
1
Let b = 42526 + -25506. What is the ten thousands digit of b?
1
Let u(s) = -1938*s + 2879. What is the hundreds digit of u(-18)?
7
Let k(x) = x**2 + 34*x - 31. Let w = -298 + 262. What is the tens digit of k(w)?
4
What is the units digit of (-34)/(269568/(-11720) + 23)?
0
Let t(k) = k**3 + 4*k**2 - 10*k + 14. Let n be 83 + (-5 - (3 - 1)*-2). Let z = -77 + n. What is the units digit of t(z)?
9
Suppose 3*u + 59718 = 4*b, 342*u - 345*u = b - 14937. What is the hundreds digit of b?
9
Suppose 4*b = -2*l - 10, 1 = 3*l + b - 4. Let w be (-20)/(-12) - 2 - 101/l. Let m = w + 67. What is the units digit of m?
3
Suppose 52*y - 533362 - 920788 = 2*y. What is the hundreds digit of y?
0
Let i = 49710 - 30517. What is the tens digit of i?
9
Let t(y) = 15622*y**2 + 76*y + 139. What is the ten thousands digit of t(-2)?
6
Suppose 5*d = 10, -2*j - 4*d = d - 70. Suppose -z - 4*u - 6 = 0, -5*z - j = -5*u + 2*u. What is the units digit of z/(-21) - ((-677)/7 + -3)?
0
Suppose i = 2*a + 324, -i + 45 = 5*a + 855. Suppose -544 - 606 = 10*z. Let r = z - a. What is the units digit of r?
7
Let t(u) = -2*u**3 - 16*u**2 - 18*u + 17. Let f be t(-7). What is the hundreds digit of (4/5)/((-6)/f)*-23?
1
Let x be (-3 - -3) + 2 + (472 - -1). Let g = 919 + x. What is the tens digit of ((1 - 0)*-6)/((-51)/g)?
6
Let i be 10*1/(-2) + 0. Let o(j) = -4*j**3 - j**2 + 8*j + 6. What is the hundreds digit of o(i)?
4
Let n(t) = 153*t**2 - 297*t - 16. What is the thousands digit of n(8)?
7
Let a(k) = -8*k**3 - 3*k**2 - 5*k**3 + 4*k + 12*k**3 + 11. What is the tens digit of a(-7)?
7
Let k be 8/(-12)*12 - -5. Let m(o) be the third derivative of 17*o**5/60 + o**4/24 - 7*o**3/6 + 26*o**2. What is the units digit of m(k)?
3
Suppose 150*x - 3113007 = 109*x. What is the thousands digit of x?
5
Suppose 3743 = 11*n - 4606. Let x = -351 + n. What is the tens digit of x?
0
Let z(i) = 2*i**2 + 54*i + 43. Let v be z(-25). Let j = 115 + v. What is the units digit of j?
8
Let n = -32182 - -75674. What is the ten thousands digit of n?
4
Suppose 142*w = 144*w - 1508. What is the units digit of (-3)/6 - w/(-4)?
8
Let h(x) = x**3 + 59 - 31 - 27. Let g(p) = 3*p**3 - 11*p**2 + 19*p - 3. Let u(z) = g(z) - 2*h(z). What is the units digit of u(9)?
4
Let z = 1347 - 583. Suppose k = -3*a + 6*k + z, k + 784 = 3*a. What is the tens digit of a?
6
Let t be (-1)/((-2)/34) + (-45 - -45). Let s(r) = 8*r - 54. What is the units digit of s(t)?
2
Let r = 17984 - 7915. What is the tens digit of r?
6
Let r(w) = 26*w**3 - 6*w + 9 - 4*w**3 - 18*w**2 - 11*w**3 - 10*w**3. What is the hundreds digit of r(19)?
2
Let x(k) = 62*k - 4. Let f be x(2). Let a be (-1 + (-3)/(-6))/((-3)/f). Suppose -w + 58 - a = 0. What is the units digit of w?
8
Let h(b) = -b**2 - b + 35. Let x be h(-6). Suppose p + x*p = 0. Suppose 3*y = -5*n + 591, -5*y + p*n - n + 963 = 0. What is the units digit of y?
2
Let k = -122 - -171. Let m = -27 + k. What is the units digit of (-10)/(-55) + 480/m + 1?
3
Let g(z) = -z**2 + 5*z - 2. Let d be g(2). Suppose -5*b + 20 = 0, d*y - 687 = -y - 3*b. What is the units digit of (-2)/(-27)*3 - (-6315)/y?
7
Suppose -3*j - 2*o + o + 2 = 0, -j + 5*o = -22. Suppose c = -5*y + j, 3*c + 2 = -4*y + 8. Suppose 39 = g + 4*k, 18 + 27 = g + c*k. What is the units digit of g?
1
Suppose 93*y - 109809 - 158310 = 0. What is the thousands digit of y?
2
Let z be ((-2286)/36)/((-2)/(-12)). Let o = z + 549. What is the hundreds digit of o?
1
Suppose 59576 = -26*s + 402672. What is the ten thousands digit of s?
1
Let r(k) = -2015*k - 9657. What is the thousands digit of r(-44)?
9
Suppose 118*p + 25200 = 136*p. What is the tens digit of p?
0
Suppose 7147 + 10455 = 13*n. Let y = -813 + n. What is the units digit of y?
1
Suppose 3*c = 763*f - 761*f - 5151, 7724 = 3*f - 2*c. What is the thousands digit of f?
2
Suppose 0 = 6*u - 1003 + 133. Suppose -r - h = -5*h - u, -h = 1. What is the units digit of r/2*16/6?
8
Let d = 65 - 61. Let y(j) = -j**3 - 16*j**2 - j - 16. Let l be y(-16). Suppose d*i - 39 - 1 = l. What is the tens digit of i?
1
Let y = -16 + 18. Suppose -2*l - l = 3*u - 1410, y*u + 4*l = 950. Suppose -k - u = -4*q + 2*k, -352 = -3*q - k. What is the units digit of q?
7
What is the units digit of 1 - -8*297/(-36)*-411?
7
Let a(r) = 6*r**2 - 5*r + 9. Let c be a(-7). Let n = -119 + c. What is the hundreds digit of n?
2
Let s(z) be the second derivative of 11*z**5/120 - 13*z**4/24 - 5*z**3/2 + 25*z. Let o(f) be the second derivative of s(f). What is the hundreds digit of o(14)?
1
Suppose 6 = 2*w + 2. Suppose -z + 4 = 4*u, -w*z + 2*u - 10 = -28. Suppose n + z - 48 = x, -4*x + 192 = 4*n. What is the units digit of n?
4
Suppose 0 = 6*c - 150486 - 7416. What is the ten thousands digit of c?
2
Let j(y) = -2*y**3 - 2*y**2. Suppose 4*t - 6 = 2*t - 4*z, 5*z = -5*t + 10. Let b be j(t). What is the tens digit of 1*(3 + -2)/b*-116?
2
Let a be (-812)/(-8) + (-2)/(12/9). Suppose 0 = v - 4*m + a - 464, 4*m - 1536 = -4*v. What is the tens digit of v?
8
Suppose 3*z - 3*b - 13 = -8086, 0 = 2*z - 3*b + 5381. Let l = -1246 - z. What is the units digit of l?
6
Let u(v) = v**3 - 2*v**2 + 3*v - 1. Let a be u(2). What is the hundreds digit of (-392)/3*((-78)/12 + a)?
1
Let p = -7 - -5. Let q be -2 + 15/10 + (-261)/p. Let a = 249 - q. What is the units digit of a?
9
Let v(x) = 6*x**3 - 32*x**2 + 9*x - 306. What is the tens digit of v(22)?
9
Let k(z) = -9*z - 17 + 7 + z**2 + 12. Let l be k(9). Suppose 0 = l*v + 2*v - 568. What is the tens digit of v?
4
Let w = -190 - -193. Suppose w*u - 838 = -5*g, -3*g + 371 = 2*u - 189. What is the hundreds digit of u?
2
Let v(n) = 5*n**2 - 63*n + 2880. What is the hundreds digit of v(59)?
5
Let h(c) = 14*c**2 + 3 + 30*c**2 + 3*c + 3*c**2. Suppose 8*u + 31 = 23. What is the tens digit of h(u)?
4
Suppose -347*r + b + 44909 = -346*r, -2*b + 8 = 0. What is the tens digit of r?
1
Let f = -7028 - -7264. Suppose 2*w = 3*w - 5*l + 103, 2*l = 0. Let o = w + f. What is the hundreds digit of o?
1
Suppose r + 0 = 4. Suppose -5*a + 31 = 3*z,